0 + -2 + 10
5
Calculate 2 - 3 - (-15 - (8 + -15)).
7
Calculate 2 - 3 - (0 + (-9 - -9)).
-1
Evaluate -26 + 23 - (9 - 3).
-9
What is (-10 - -16) + -6 + 10 + 0?
10
7 + (10 - 7) + -5 + -1
4
What is the value of 2 - -1 - 0 - (7 + -5)?
1
Calculate (-6 - (4 + -6)) + -1 + 1.
-4
What is -4 + -1 + (10 + -10 - -3)?
-2
Evaluate 10 - (30 - 14 - -4).
-10
What is 9 + -5 + (-3 - -4)?
5
(1 + -8 - -3 - -3) + -3
-4
3 + (5 + -2 - 6)
0
What is 3 - (-8 - (-1 + -5)) - 5?
0
What is -8 + 7 + 11 + -12?
-2
What is the value of (6 - (1 + (-5 - -2))) + 2?
10
What is the value of -2 + 9 + -2 - 2?
3
What is the value of (0 - 1 - 3) + 9?
5
Calculate 1 - 5 - (-8 + 3).
1
(12 - 14) + (-2 - (2 + 0))
-6
-14 - (-6 - (2 - 0))
-6
Calculate -2 - (-18 + 15 - (-4 + 1)).
-2
Evaluate -1 - -5 - (-2 + 12 + -3).
-3
-4 + 1 + 18 + -20
-5
What is the value of (10 - (18 - 8)) + 8?
8
Evaluate -3 + 2 - (-3 + -5 - -10).
-3
Calculate (4 - (-1 - -6)) + 3.
2
Evaluate -8 + -1 - (7 + -4 - 6).
-6
4 - -9 - 4 - 4
5
What is 2 + -1 - (-15 + 16)?
0
Calculate (-5 - -4) + 3 - (4 + 4).
-6
-2 - (12 + -8 - 6)
0
What is 5 + -1 - (41 + -6 + -21)?
-10
What is the value of -1 + -4 - (2 - 2 - 4)?
-1
What is (-3 - -8) + (-1 - 1)?
3
What is (6 + 1 - (52 - 37)) + -1?
-9
(-7 - (-3 - -1) - -3) + 7
5
What is (3 - 6) + (2 - -4) + 0?
3
What is the value of -9 + 3 + (1 - 0) + 3?
-2
What is (-1 - (0 + -1 - -1)) + 1?
0
Calculate -3 - (-6 + (3 - 3) + 5).
-2
What is the value of 1 - ((-2 - -2) + 3)?
-2
What is -5 - (-1 + 1 + (-2 - -1))?
-4
Calculate (-6 - -7 - -6) + -11.
-4
Evaluate -5 - 2 - (-6 + 2).
-3
What is the value of 3 + (-1 - (1 - 3))?
4
Calculate (1 - 0) + -1 - (-1 - 0).
1
Calculate (-9 - -7) + 7 + 0 + -4.
1
What is the value of (1 - 2 - (5 - 6)) + -3?
-3
Evaluate -7 + 5 + 10 + -7 + 2.
3
What is (0 - 5) + 2 - (-3 + 0)?
0
What is the value of 2 - (-2 + -6 + 5 + 3)?
2
What is the value of -1 + 2 + -2 + (7 - 4)?
2
1 + -5 + (2 - -1)
-1
What is the value of (7 - 0) + (-6 - (-3 - -2))?
2
Evaluate -2 + (4 - 7 - (-4 + 0)).
-1
Calculate 1 + -1 + (-13 - (11 + -18)).
-6
Calculate 1 + 0 + (4 - 0 - 5).
0
Calculate -10 + (5 - 1) + 0 + 1.
-5
Evaluate 5 - 2 - (-5 - (-4 - 6)).
-2
10 + -11 - (2 + 0 + -1)
-2
What is the value of 5 - (8 + 1) - 3?
-7
Evaluate (9 + -9 - (2 - -1)) + 5.
2
What is the value of (1 - 0) + -9 + 13?
5
Evaluate (3 - (0 + -2)) + 1.
6
Evaluate -1 + -4 + (6 - 0).
1
Evaluate (-90 - -85) + (0 - -1 - -1).
-3
What is -6 + 2 + -6 + 6?
-4
(-2 - 4) + 2 + 9
5
Calculate 2 - 7 - (52 + -57).
0
(4 - -2) + -14 + 13
5
What is the value of 7 - -2 - 17 - (1 - 5)?
-4
(-9 - -16) + -3 + (-3 - -3)
4
Calculate 0 - (-16 - -16) - (-6 + -1).
7
Evaluate (-12 + 10 - 3) + -4.
-9
What is 10 + -4 + -15 + 5?
-4
What is (3 - 11) + 8 + -3?
-3
Evaluate 3 + (-3 - (7 - 5)).
-2
(-5 - (-3 - (-5 - -2))) + 5
0
Calculate 7 + -2 + -4 - 1.
0
What is the value of 0 + -3 + (-3 - -8) + 2?
4
Evaluate 10 - ((1 - -1) + -1) - 4.
5
What is (11 + -7 - -6) + -4?
6
(-14 - (-1 + -3)) + (6 - 1)
-5
What is the value of (-1 - 3) + (-5 - -7 - -6)?
4
What is 10 + (-2 - 3) - -1 - 5?
1
What is (2 - 1) + 3 + (0 - -1)?
5
What is 9 - (12 + (6 - 12))?
3
-9 - (-3 + -1 + 5 - 5)
-5
Evaluate 1 - 8 - (-2 + -4).
-1
Evaluate -9 - (5 - 4 - 6).
-4
Evaluate (-4 - 1) + (-3 - -5 - 0).
-3
What is the value of 4 + -9 - (0 - 3 - -1)?
-3
What is the value of (-1 - 3 - -1) + (2 - 1)?
-2
-5 + -4 + 4 - -3
-2
Evaluate -2 + 7 + -6 + 1 + -3.
-3
Calculate 1 - -2 - 0 - (5 + 2).
-4
What is (33 - 14) + (-9 - 2)?
8
-32 + 22 - (-1 - 5)
-4
Calculate 0 - (-11 - ((3 - 7) + -3)).
4
What is (-12 - (0 - 6)) + -1 + 1?
-6
What is -4 - (0 + -12 + 1 + 3)?
4
Evaluate 3 + (-7 - (-4 - 1)).
1
What is 0 + 0 + 5 + 0?
5
What is the value of (-4 - (0 + (-5 - -9))) + 2?
-6
Evaluate -1 + 4 - (-3 - -7).
-1
What is the value of 0 + 6 + (-5 - -2)?
3
Calculate -3 - (-8 + -1 + 5).
1
What is the value of 4 + -7 + 4 - 3?
-2
What is the value of 2 - 6 - 1 - 2?
-7
What is 0 + 4 + -1 + -2?
1
Calculate -4 + 1 + (-3 - 0).
-6
What is 3 + (-3 - 0) - (1 - 2)?
1
Calculate -2 - (2 + -1) - (-4 - -1).
0
Calculate (-2 - -5) + (1 - -3 - 6).
1
Calculate 2 + 0 - (-3 - -2).
3
Evaluate -8 - -16 - -1 - 3.
6
What is the value of 2 + -6 + 0 + (-1 - -9)?
4
What is -8 + (7 - (3 - -2))?
-6
Evaluate (3 - -2) + (3 - (8 + -2)).
2
What is the value of -9 - ((-8 - (0 - 0)) + 9)?
-10
(-33 - -33) + (-2 - 0)
-2
What is 0 - -4 - 4 - (-2 - -1)?
1
What is (4 + -5 - -1) + 4 + -2?
2
Evaluate -2 + 1 - (4 + -7 + 5).
-3
What is the value of -1 + 2 - -1 - (-1 + -2)?
5
What is the value of (0 - -1) + (-12 - -13)?
2
What is the value of (3 - 0 - 5) + 0 + 2?
0
Evaluate 1 + 3 + (-4 - (1 - -3)).
-4
What is 2 + (1 - (-2 - -2))?
3
Calculate -3 + -3 + (16 - 18).
-8
-7 + (4 - 7 - -4)
-6
What is (12 - 13) + (6 - 1)?
4
Calculate 13 - ((12 - (0 + 5)) + -1).
7
-3 - (2 + 1) - (-1 - 2)
-3
What is the value of 7 + -1 - (7 + (0 - 1))?
0
What is (-1 + 4 - 4) + (-3 - -1)?
-3
Calculate -1 + 3 - (31 + -26).
-3
What is (-5 - -1) + (21 - 4 - 4)?
9
15 + -7 + 2 - 2
8
What is the value of 0 + -3 + 1 + -1 + -2?
-5
Evaluate 3 - (-4 + (0 - -4)).
3
What is 3 - (2 - (-5 + 3))?
-1
-1 + 7 + (-5 - 2) + -2
-3
What is -6 + 13 + -9 + 8?
6
What is (4 - (-4 + 7) - 7) + -1?
-7
What is the value of -1 + 1 + (8 - 9) - -6?
5
What is the value of (3 - -3) + 2 + (0 - 3)?
5
Evaluate -91 - -95 - (3 - 1).
2
What is the value of -2 - (-7 + 5 - 2)?
2
Calculate 6 - 1 - (9 + (17 - 23)).
2
Calculate -3 + (-1 - (-2 - (0 - 2))).
-4
Calculate -3 - (6 + -14 + 2).
3
Calculate 1 - (-4 - (-8 - -4)).
1
What is -13 + (10 - -8 - 10)?
-5
Calculate 6 + (0 - 6 - 2).
-2
2 + -1 + (0 - 7 - -5)
-1
Calculate 3 - 4 - (2 - 1) - 1.
-3
Evaluate 2 - (-2 + 7 + -3) - -6.
6
What is the value of -4 + (3 - 8) + 5 - -5?
1
-5 + 4 + 1 + -4
-4
Calculate 3 - -8 - (7 - 0).
4
What is the value of -1 - (0 + -2) - (42 + -33)?
-8
Calculate -15 + 3 + -1 + 4 + 3.
-6
What is -2 - -6 - (6 - (-4 + 2))?
-4
Calculate -1 + (-8 + 18 - 6) - -6.
9
Calculate 34 + -39 + (-1 - (-4 - -3)).
-5
Calculate -4 - (19 - 10) - -5.
-8
What is -1 + (10 - 6) + (1 - -5)?
9
What is -2 + (-5 - -5) + -4?
-6
What is the value of 4 - (-9 - (-19 - -3))?
-3
What is 0 + 9 + -2 + -4 + -3?
0
What is the value of (4 - (5 - -2)) + (1 - -1)?
-1
1 + (-8 - -5) - (-3 + 0)
1
Calculate -4 - (10 - 4 - 7) - -1.
-2
0 + 1 + (0 - (-4 + 6))
-1
Evaluate -1 + (3 - (3 - 1)) + -2.
-2
What is -3 - (-3 - (-6 + 1))?
-5
(1 + 0 + 2 - 4) + -1
-2
What is 12 + -9 - (5 + -1)?
-1
What is the value of (-4 - 1) + -1 - -11?
5
What is the value of (-7 - 4) + 12 - (0 + 5)?
-4
What is -8 - (1 - 3) - (-8 - -7)?
-5
What is the value of 9 - (6 - (-11 - -9)) - -8?
9
-5 + 4 + -1 + -5 + 8
1
Evaluate (1 - -2) + (1 - 9).
-5
Calculate -4 + -5 + (-6 - -14 - 6).
-7
Evaluate (2 - (5 + 1)) + 6 - 1.
1
(1 - 3 - (-6 - -1)) + 2
5
Evaluate (6 - 0) + 1 - (12 + -2).
-3
10 + (-4 - -2) + -3 - 4
1
Evaluate -1 + 0 + -1 + 1 - 3.
-4
What is (-8 - -15) + -3 + -3?
1
Calculate (-3 - (-13 + 1)) + -5 - 9.
-5
Calculate 0 + -3 - ((-8 - -16) + -8).
-3
What is (-2 - -9) + -8 + 1 + 10?
10
2 + 0 + -5 + 8
5
-4 - (12 - 7 - 5)
-4
What is the value of (5 - (15 - 12)) + -6?
-4
Evaluate 10 - (9 - -11) - (2 + -6).
-6
What is the value of 10 - (1 + 4) - 2?
3
Calculate 4 - ((4 - -1) + -4).
3
Evaluate 0 - (2 + 1 + (13 - 15)).
-1
(-9 - (0 - 5)) + (1 - 7)
-10
What is the value of (-4 - 0 - (1 + -3)) + 4?
2
0 + -1 + (-1 - (-7 - -9))
-4
What is (-7 - -4 - -4) + -3?
-2
Evaluate 0 - (1 - -2 - 6).
3
(-73 - -70) + 7 + -1
3
Calculate 2 + 0 + 1 + -1.
2
3 - (6 + (-4 - -3))
-2
What is 2 + 7 - 6 - (8 - 0)?
-5
What is 7 + (-7 - 2) + (-2 - -1)?
-3
What is the value of -5 + 2 - ((3 - 1) + -5)?
0
Evaluate -11 + 10 + -2 + (2 - 0).
-1
What is the value of 4 - (7 - (-6 + 3))?
-6
What is -4 + (4 - 0) + (5 - 2)?
3
Evaluate -1 + 0 + (31 - 24) - 1.
5
What is (2 - (3 + -1)) + (-30 - -29)?
-1
What is the value of -12 + 10 - (6 + -2 + -8)?
2
Calculate 2 - (4 + (-2 - -2)).
-2
Calculate 5 - (-6 + 18 - 2).
-5
Evaluate 9 - (-3 - -17) - (1 - 2).
-4
4 - 14 - (3 + -20)
7
What is (4 - 6) + (-1 - -6)?
3
Calculate 86 + -91 + (12 - -1).
8
What is 3 + (-17 - -2) + 4?
-8
What is the value of (8 - 3) + 0 - (-1 - -6)?
0
2 + 0 - (-8 - -6) - 6
-2
What is the value of 19 + -10 + 1 + -2?
8
-7 + -4 + (14 - 2)
1
What is (-11 + 10 - -9) + -2 + -6?
0
What is the value of (6 - -3) + 12 + -19?
2
What is 13 - 8 - (-6 - (-2 + -2))